Let u = -26 + 29. Let i be (-4)/6 - (-2)/3. Suppose p - 6*p + 120 = i. What is the greatest common factor of p and u?
3
Let c be -2 + -2 + 5 - 4. Let z = c - -8. Calculate the highest common factor of 55 and z.
5
Let j = 3 - 0. Suppose 4*n = -w - j, 5*n = -0*n - w - 3. Suppose 0 = s - 3*b + 3, n = b + 2 - 6. Calculate the highest common factor of s and 9.
9
Suppose -254 = -2*k - 0*k + 4*i, -111 = -k - 2*i. Suppose 3*s + 4*b = 47, 0 = -2*s + 6*s + 4*b - 64. What is the greatest common divisor of k and s?
17
Suppose 0 = 177*h - 172*h - 15. Let j(f) = -f**2 + 5*f + 8. Let l be j(6). Calculate the greatest common divisor of l and h.
1
Let k(a) = -5*a + 2. Let w be k(-2). What is the greatest common divisor of w and 48?
12
Suppose -o + 45 = 2*o. Suppose -o = 2*k - 7*k. Suppose -143 = -4*v - 23. Calculate the greatest common divisor of v and k.
3
Suppose 0 = -d - d. Let v(t) = 1 + 3*t - 10 + d*t. Let y be v(9). What is the greatest common factor of 72 and y?
18
Suppose 3*g - 17 = y, -2*g + 5*y - 5 = 1. Let r be 152/g + 4/14. Calculate the greatest common divisor of r and 55.
11
Suppose 2*o + 5*y = 57, 3 = 5*y - 2*y. Suppose -85 = -5*l + 110. What is the greatest common factor of l and o?
13
Let f(l) = l**2 - 4*l - 1. Let k be f(5). Suppose -5*w = 5*p, -1 = -2*w - k*p - 5. Calculate the greatest common factor of w and 10.
2
Let b(q) = -q + 3. Suppose 0 = -3*k + 3*i - 6, -2*k + 4*i - 19 = -i. Let t be b(k). Suppose t*c = 2*c - 120. What is the highest common divisor of 12 and c?
12
Suppose 4*k - 50 = -k. Let r be ((-12)/k)/(10/(-25)). Suppose -3*j + r*m = -0*m - 36, 0 = -3*j - m + 44. What is the greatest common divisor of 154 and j?
14
Let m be (104/(-32))/(-2 + (-21)/(-12)). Calculate the greatest common divisor of 143 and m.
13
Let t be ((-8)/20)/((-2)/10). Suppose 18 - t = 4*n. What is the highest common divisor of 2 and n?
2
Suppose -3 = -4*y + 3*y. Suppose 2*l = -3*o + 2*o + 12, y*l + 92 = 4*o. What is the highest common divisor of 40 and o?
20
Let x(a) = a**2 + 4*a - 10. Let r be x(-6). What is the highest common divisor of 8 and r?
2
Let r be 118/8 + (-11)/((-132)/(-9)). Calculate the greatest common factor of 112 and r.
14
Let m be (58/(-6))/(1/(-12)). Suppose -3*y - 4*k + m = 0, -5*y - 4*k = -23 - 165. What is the highest common divisor of 12 and y?
12
Let a(t) = 41*t. Let y be a(1). Let m = 29 + y. Suppose 0 = 3*b - b - m. Calculate the greatest common divisor of b and 7.
7
Let l = 37 - -92. Suppose 5*a - 6*u - l = -2*u, -5 = 5*u. Let p(t) = -t**2 - 6*t - 3. Let i be p(-4). Calculate the highest common divisor of a and i.
5
Suppose 0 = -3*b + 28 + 8. Suppose 0 = 2*q - b - 18. Let g(l) = -3*l**2 + 5*l + 15. Let v be g(3). Calculate the greatest common factor of q and v.
3
Suppose 0 = 2*w - 5 - 3. Let h = 25 + -7. Let s = h - 8. What is the greatest common factor of s and w?
2
Suppose 0 = n + 5*k - 5 + 3, -4*k + 7 = n. Calculate the highest common divisor of n and 216.
27
Suppose -11*g = -2*g - 27. Let l = 2 - 1. Suppose -l + 7 = 2*m. What is the greatest common divisor of m and g?
3
Suppose 4*h = 20 - 0. Let d be h - (2 + 1 + -1). Suppose 11 + 164 = 2*j + l, 0 = -2*j + d*l + 155. Calculate the highest common factor of 34 and j.
17
Suppose -2*g = -4*y + 74, 10 - 4 = 2*g. What is the greatest common factor of y and 140?
20
Let f be (-59 - 2)*(5 + -3). Let t = -27 - f. Calculate the greatest common factor of 38 and t.
19
Suppose 5*t + 6 = 16. Let x be (t - -1)/((-3)/(-10)). Calculate the greatest common divisor of 30 and x.
10
Let k(w) = -w**3 - w**2 + 5*w + 6. Let u be k(-4). Calculate the highest common factor of 17 and u.
17
Suppose -y + 0*y = -4. Suppose 0 = -4*j + 2*c + 4, 5*c = 5*j - 1 - y. What is the greatest common divisor of j and 1?
1
Let t(a) = -a**3 - 4*a**2 - 2*a - 3. Let r be t(-4). Let b(n) = 9*n - 1. Let z be b(4). What is the highest common factor of z and r?
5
Let u be (-1366)/(-4) + -6 - (-2)/4. Calculate the highest common divisor of 48 and u.
48
Suppose 0 = -4*v + 264 + 76. Let h = v - 40. Calculate the greatest common factor of 15 and h.
15
Suppose 0 = -2*b - 4*c + c + 96, 0 = 3*b - c - 144. What is the highest common divisor of b and 6?
6
Suppose -5*k - 38 = -8. Let d(w) = -w**2 - 8*w - 6. Let v be d(k). Let c = -20 - -35. Calculate the greatest common factor of v and c.
3
Suppose 0 = 3*v + 4*d + 21 - 105, 2*v = -3*d + 57. Calculate the greatest common factor of v and 3.
3
Suppose -4*m = -5*r - 5, -m - 5*r = -32 + 12. Suppose 3*p - m*y - 66 = 0, 4*p + p + 5*y = 150. Calculate the greatest common divisor of p and 3.
3
Suppose 3*i + 34 = 331. What is the greatest common factor of 9 and i?
9
Suppose 0 = -4*g + 42 + 18. Suppose 3*u - 7 = -2*a + 4*a, 13 = 5*u - 2*a. Suppose 0*b - u*b = -18. Calculate the greatest common divisor of b and g.
3
Let y = 15 - 8. Let n = y + -5. Calculate the greatest common factor of n and 8.
2
Let c be (-2)/7 + 150/35. Suppose -c*q + 4*i + 28 = -0*i, q = -4*i - 18. Let s = 3 - -1. Calculate the greatest common divisor of s and q.
2
Let a(n) = 1 + 11*n**2 - 3 + n - 2. Let x be a(-4). Suppose -x = -c - c. What is the highest common factor of c and 14?
14
Let h(n) = -n - 1. Let c(v) = 4*v - 3. Let k(r) = c(r) + 3*h(r). Let b be k(15). Calculate the greatest common divisor of 45 and b.
9
Let u be (-2 - -1)/((-3)/15). Suppose -5*j - u = -30. Suppose -q + 2*x = j - 18, 10 = 2*q + 4*x. What is the highest common factor of 6 and q?
3
Let f(h) = 16*h + 1. Let u be f(3). Calculate the greatest common divisor of u and 7.
7
Let i be 3/(-6)*(-40)/5. What is the greatest common divisor of i and 36?
4
Suppose -4*a + 219 = -3*o, 2*a + 3*a + 4*o = 266. Calculate the highest common divisor of a and 135.
27
Suppose 0*f - f = 5*u - 28, -2*u + 2*f + 16 = 0. Let z be (-252)/(-27)*108/21. Calculate the highest common factor of u and z.
6
Let a = -25 + 85. Suppose 6*r - 180 = 4*r. What is the greatest common divisor of a and r?
30
Suppose 1 + 4 = x. Suppose x*m - 40 = m. Suppose 3*y - q = 115, 2*y + 175 = 7*y - 5*q. What is the highest common divisor of m and y?
10
Suppose -2*y = -2*d + 128, -3 = 2*y + 3. What is the greatest common factor of 305 and d?
61
Let z be (-5)/10 - 111/(-2). Let l = 65 + z. What is the greatest common divisor of l and 48?
24
Let j be 114/2 + 2 + 5 + -8. Let t = 15 - 7. What is the greatest common factor of t and j?
8
Suppose -3*z + 65 + 115 = 0. Suppose 7*i = 2*i + z. Calculate the greatest common factor of i and 4.
4
Let a = 271 + -103. Let g(x) = -4*x - 8. Let h be g(-8). What is the highest common divisor of h and a?
24
Let h = 0 + 3. Let i(p) = p**2 - 5*p + 3. Let y be i(h). Let l be (-146)/y - (-4)/12. Calculate the highest common divisor of l and 7.
7
Suppose 4*i - 2*i - 14 = 0. Suppose -295 = -5*z + 4*o - o, 4*z - o = 229. What is the greatest common divisor of i and z?
7
Let j(v) = v**3 + 6*v**2 - 4*v - 4. Let q be j(-6). Calculate the greatest common divisor of 220 and q.
20
Let o(v) = -7*v + 67. Let h be o(-22). What is the greatest common divisor of h and 17?
17
Suppose 2*m = -5*v + 503, -3*v + 498 = 2*m + v. Let o = 343 - m. Suppose -5*k = -k - o. Calculate the highest common factor of 13 and k.
13
Let k(p) = p**2 - 28*p + 11. Let f be k(28). Calculate the greatest common divisor of 297 and f.
11
Let b = -40 - -42. What is the highest common divisor of b and 14?
2
Let m = 122 + -14. What is the greatest common factor of m and 72?
36
Suppose 0 = -5*w + 3*h + 379, -h = -2*w - 2*w + 306. What is the highest common factor of w and 14?
7
Let u = 15 + -10. Let c be 157 - (u - (-8)/(-4)). Calculate the greatest common divisor of 22 and c.
22
Let q(r) = 2*r**2 + 5*r + 10. Let u be q(7). Let f be (-27)/(-18)*52/6. What is the highest common divisor of f and u?
13
Suppose 3*v + v + 8 = 0. Let s = -1 - v. Suppose 111 - s = 5*x. What is the highest common factor of x and 33?
11
Suppose -4*y = -0*j - 2*j + 270, 5*j = 4*y + 699. Suppose 0 = d - j + 8. Calculate the greatest common divisor of d and 15.
15
Suppose 0 = 2*b - 10, -3*a + 0*b + 57 = -3*b. What is the highest common divisor of 48 and a?
24
Let w be 2/4 + (-18)/4. Let i be (w/5)/((-1)/20). Suppose -80 = -0*o - 2*o. Calculate the highest common factor of i and o.
8
Let d be (-35 + 2 - 1)*(-20)/40. Calculate the highest common diviso